*g. Let u = 64 + a. Let v(y) = 9*y + 1. Is v(u) composite?
False
Suppose 11*v - 4527 = 6*v + 4*u, -v = -2*u - 909. Suppose -v = -2*m - 5*d, -d - 4*d = -4*m + 1791. Is m composite?
False
Let v(p) = -911*p**3 - 12*p**2 + 13*p + 301. Is v(-9) a composite number?
False
Let a = -546 - 519. Let i = -691 - a. Suppose 0 = -c - c + i. Is c composite?
True
Let f(d) = -20*d**3 + 33*d**2 + 3*d - 193. Is f(-22) prime?
False
Let p(t) = t. Let i be p(0). Suppose -21*a + 16*a + 3575 = i. Let o = 1062 - a. Is o a composite number?
False
Suppose -5*j - 40*d = -42*d - 521811, 104330 = j - 5*d. Is j a prime number?
False
Suppose 0 = 22*s - 40436 - 42504. Suppose 5*d = 3*t + 163 - s, 5*t + 3*d - 5989 = 0. Is t a composite number?
True
Is (1/(2/(-479)))/((-102)/34068) a prime number?
False
Suppose -106*n = -64303608 - 22449866. Is n a composite number?
False
Suppose -46*x - 45 = -43*x. Let z = -51 - x. Is 6/z + (-2330)/(-12) a composite number?
True
Let o(f) be the third derivative of -f**6/120 - 2*f**5/15 - 11*f**4/24 - 7*f**3/3 - 25*f**2. Let a be o(-7). Is 3/7 - ((-1842)/a - 2) a prime number?
False
Let q(o) = -490*o - 207. Is q(-113) composite?
False
Let u be (-2)/(75/40 + -2). Suppose -2*i - 2*i = u. Is (-52)/i*(10 + 1) a composite number?
True
Let z be -2 - (2 + -12 + 3). Suppose -5*v = -3*h + 14, -4*h + 12 = -5*v - z. Is 307 + h + -4 + 1 a prime number?
True
Is 40/(-60)*(-219987)/6 a composite number?
False
Suppose 51*r - 29*r - 1761780 = 10*r. Is r a prime number?
False
Is (-373765)/70*-1*2 a prime number?
False
Suppose -84*s = -76*s - 7441672. Is s a composite number?
True
Suppose 5*d - 104 = -3*x, 5*x + d - 4*d - 196 = 0. Suppose -x*v - 7959 = -41*v. Is v prime?
False
Suppose 3*i - 1445 = -62. Suppose -i + 12 = -k. Is k a composite number?
False
Let s = 264541 + -76140. Is s a prime number?
True
Suppose 1098*t - 1102*t = 4*u - 848, -3*u - 208 = -t. Is t a prime number?
True
Is 1*-8 + (-17)/(187/(-63657)) prime?
True
Let n(h) be the first derivative of 27*h**3 + 9*h**2/2 - 16*h - 36. Is n(2) composite?
True
Let r = 23095 - -28308. Is r prime?
False
Let r = -254 - -267. Suppose 18*g + r*g = 156395. Is g prime?
False
Let o = 159503 - 82122. Is o composite?
True
Let o = -490 - -493. Suppose 0 = 4*l + o*q - 111077, 14*l + 111062 = 18*l - 2*q. Is l a composite number?
False
Let j = 8 - 5. Let m be (-2609 + 0 - j)/(-3 + 2). Suppose -944 = -4*b + m. Is b a prime number?
False
Let a(n) = 3832*n**2 - 25*n - 275. Is a(22) a composite number?
True
Suppose -5*x = -8*x + 5010. Let b = 1146 - x. Is (b/4 - 0)*(-1 - 0) a composite number?
False
Let l = -29 + 20. Let i be (1 + 1 + -623)*6/l. Suppose 593 = s - i. Is s prime?
False
Let f = 47951 - 26154. Is f prime?
False
Suppose 3*s = -2*r + 2431768, 542 = 5*s + 572. Is r composite?
True
Let f(g) = g**2 - 3*g - 4. Let m(x) = -x - 1. Let j(a) = -f(a) + 2*m(a). Let b be j(-1). Suppose b = -5*p + 115 + 40. Is p a composite number?
False
Let b(i) = -i**3 + 12*i**2 - 16*i - 3. Let j be b(6). Is j/(-273) - 162364/(-14) prime?
True
Let g(a) = 626*a + 4. Let z be (-22)/10*-5*3/3. Let v be g(z). Suppose 5*b - 16265 - v = 0. Is b prime?
False
Suppose -33*s + 11*s = -57772. Let w = 10119 + s. Is w composite?
True
Is (39/(-27) - -2)/(12/108) + 21846 a composite number?
False
Let g(c) be the second derivative of c**5/20 + 13*c**4/6 - 8*c**3/3 - 2*c**2 + c + 11. Is g(-9) prime?
False
Is (4 - (-2982)/(-12))/(8561/(-778) + 11) a composite number?
True
Suppose 0 = -3*h + 68 - 62. Suppose 0*b - 1340 = -h*b - 2*o, 5*o - 2008 = -3*b. Is b a composite number?
True
Suppose -6*k = -2323175 - 1362418 + 751599. Is k a composite number?
True
Suppose 0 = 548*y - 561*y + 2811757. Is y a composite number?
False
Let u = 477 + 20000. Is u prime?
True
Let b = 66467 + -42752. Suppose -6*f + b = -20991. Is f composite?
False
Let g(w) = 209*w**2 + 53*w + 1423. Is g(-21) composite?
False
Let o(f) = -14810*f + 611. Is o(-7) prime?
True
Let m(p) = 2*p - 1. Let g(z) = z**2 - 5*z - 11837. Let x(u) = -g(u) - 4*m(u). Is x(0) a composite number?
True
Suppose 0 = 10*x - 18 - 12. Suppose 0*o - 4*o - 2*k = -5606, k + x = 0. Is o a prime number?
False
Suppose -7*p - 113174 = -459681. Suppose -4*y = 20721 - p. Is y prime?
False
Let w = -125438 - -298033. Is w prime?
False
Is -6 + (-6 + 7 - -57463) - 1 composite?
False
Suppose -2*f = 3*r - 6472978, -209*f - r - 6473010 = -211*f. Is f a prime number?
False
Suppose 4600 = -7*i + 2*i. Let c(w) = -w**3 + 47*w**2 - 96*w - 93. Let y be c(45). Let t = y - i. Is t composite?
False
Let m(p) = 5427*p + 317. Is m(24) prime?
False
Suppose 25*f - 300 = 20*f. Let v be -10*(-137)/4*-2. Let k = f - v. Is k a composite number?
True
Suppose 9*t = -671 - 24340. Let y = -830 - t. Is y prime?
True
Let p = 21 + -17. Suppose p*u + 5*i = 25, -6 = u - 2*i + 4. Is (-5)/((-15)/(-9)) - (u + -622) a composite number?
False
Let f be (-12)/((-3 - -6)*4/(-80)). Let s be 2/((f/(-15))/(-8)). Suppose 6822 = 4*m + s*j, 0 = -0*m - 5*m - j + 8533. Is m prime?
False
Suppose 17*b - 481 = -5. Suppose b*a + 116923 = 317599. Is a prime?
False
Let g(m) = -2*m**2 + 12*m - 8. Let f be g(5). Let l be (1 - 6) + 2 + 7. Suppose -1051 = -l*u - d + 152, -2*u - f*d = -600. Is u prime?
False
Let j(w) be the second derivative of w**4/2 + 8*w**3/3 - 31*w**2/2 + 4*w + 10. Is j(-21) composite?
True
Let t be ((-4500)/(-27))/((-1)/(-3)). Suppose 0 = -3*m - 2*w + t, 3*m - 5*w - 419 = 116. Let c = 293 - m. Is c a prime number?
False
Suppose -13*m - 14*m = 28*m - 8022355. Is m a prime number?
True
Let l = -779855 + 1675128. Is l a composite number?
True
Suppose 2*c + 8810 = -3*i + 70330, 0 = -5*c + 2*i + 153781. Is c a composite number?
False
Let y(v) = 2845*v**3 - 2*v**2 + 8*v - 11. Let p = -458 - -460. Is y(p) composite?
True
Let x be 2 + -4 - 34*-14*8. Let h = x + -1753. Is h prime?
True
Let l be (-11945)/(-5) + -4 + 1. Let p = 1107 + -2444. Let g = p + l. Is g composite?
False
Let p(i) = 3*i**2 - 1. Let a(t) = 123*t**3 + 14*t + 5. Let o(r) = -a(r) - 3*p(r). Is o(-2) a prime number?
False
Suppose 5*i - 13860 = -5*f, 5*i - 4*f - 6776 - 7111 = 0. Let m = -1366 + i. Is m composite?
False
Suppose 4*h + 54 = -v - 4*v, 2*h = 3*v + 28. Is 21833 - (14/(-35) + (-4)/v) composite?
True
Let v(i) = i**3 - 3*i**2 + 11*i - 32. Suppose -90 = -165*d + 159*d. Is v(d) composite?
False
Suppose -3*a = -5*y + 3*y - 23001, 11490 = -y + 5*a. Let c = 22594 + y. Is c composite?
True
Suppose 4*s - 23817 + 315536 = 5*m, -2*s + 175027 = 3*m. Is m a composite number?
True
Let d(b) = -b**3 - b**2. Let q(h) = -3*h**3 + 13*h**2 - 17*h + 13. Let f(v) = 4*d(v) - q(v). Let c be f(-18). Suppose 498 = c*r - 417. Is r composite?
True
Suppose 5*h + 4*u = 5 + 8, 0 = 4*h + 3*u - 11. Suppose h*k - 12 = 4*b, b - 2 = k - 4. Suppose 4*p + 2116 = 4*n, p = -k*n - 0*p + 2106. Is n composite?
True
Let u be -2 + 388 - (1 + -4). Suppose -j + 4*s + 1324 = u, -4*j - s + 3825 = 0. Is j prime?
False
Suppose -55*n + 4416547 - 3448046 + 5271414 = 0. Is n a prime number?
True
Suppose 0 = -55*x + 136*x - 5846061 - 2447124. Is x prime?
False
Suppose -2*a = -d - 12143, 2*a + d - 12137 = -0*d. Suppose -4*v = 5*z - 3548, -a = -5*v + 3*z - 1672. Suppose -129 + v = 3*m. Is m a prime number?
True
Let v(d) = -281 - 41*d - 184 + 5*d**2 - d**2 - 3*d**2 - 42. Is v(-50) prime?
False
Let p(x) = x**3 + 27*x**2 + 34*x + 1. Let r be 153/(-7) - (9 - 372/42). Is p(r) a prime number?
False
Let q(x) = -x**2 + 9*x - 5. Let n be q(7). Suppose 0 = 15*s + n*s - 25752. Is s prime?
False
Suppose 0 = 3*m - 15, -450 = 3*y - 5*m - 2516. Let c = y - -1590. Is c prime?
True
Let n(y) = -104*y**2 + 4621 - 11*y + 40*y**2 + 30*y**2 + 35*y**2. Is n(0) composite?
False
Suppose 3*p = n - 58045, 67*p - 116002 = -2*n + 62*p. Is n prime?
False
Suppose 5*t + 22 = 32. Is (2*-97)/(t - 108/51) a composite number?
True
Let y(o) = 14*o**3 - 25*o**2 + 11*o - 41. Is y(17) prime?
True
Suppose 689044 = 38*p - 34*p. Is p composite?
True
Suppose -308103 = 2*l - 5*l. Is l composite?
False
Suppose -6*k - 349 = -361. Suppose 7148 = 17*x - 15*x - k*b, -2*x - 4*b = -7178. Is x prime?
False
Let a(o) = 55 + 12*o - 5*o - 4*o. Let s be a(-22). Is (-51711)/s + (-2 - -6) prime?
False
Let o(n) = n**2 - 2*n + 9. Let t be o(3). Suppose 3*b + t = 7*b. Suppose 5*r + 2*a - 7*a = 1525, 0 = -3*r - b*a + 9